 - 7 = -2*i + 4*a. Let g(k) = -16*k + 7*k**3 + 2*k**i - 2*k**2 - 2*k**2 + 17*k. Give g(1).
6
Let k be 1/(-4) - 14/8. Suppose 6 + 6 = 6*q. Let t(w) = -w**3 - q*w**2 + 4 - 5 - w + 3. Give t(k).
4
Let t(y) = -y**3 + 4*y**2 + 3*y - 2. Suppose 2*l - 7*l = -40. Suppose -25 - 15 = -l*f. Calculate t(f).
-12
Let h(u) = u + 9. Let d(g) = g**3 + 7*g**2 - 18*g + 8. Let j be d(-9). Suppose -3*z = -7*z + j*z. What is h(z)?
9
Let z be -3 + -4 + (-1 - 1). Let t be 6/z - (-42)/9. Let k be 2*((-21)/6 + t). Let a(o) = 15*o**3 - o**2 + 2*o - 1. What is a(k)?
15
Suppose 2*f + 2*o = 2, 0*f - 2*o - 18 = -2*f. Suppose 0 = 3*c - f*y - 31, 5*c + 5 = -4*y - 5. Let j(p) = -p - p**2 + c - 3*p + 2*p + 3*p. Calculate j(-2).
-4
Let s(v) = 2*v**3 - v**2 - 7. Let x be s(0). Let l(i) = -i**3 - 6*i**2 + 7*i + 6. Calculate l(x).
6
Let h(o) be the third derivative of o**5/60 + o**2. Let u be h(0). Let v(z) = u*z**2 + 2 - 7 + 4 + 2*z**2 + 4*z. What is v(-3)?
5
Let w(a) = 11*a**3 - 6*a**2 - 16*a - 12. Let l(u) = -2*u**3 + 2*u**2 + 2*u + 1. Let d(g) = -6*l(g) - w(g). Suppose -3*j + 7*j - 20 = 0. What is d(j)?
1
Let x(v) = v**3 + v**2 + 3*v + 1. Let j(r) = 2*r**3 + 13*r**2 + 10*r - 1. Let g(u) = j(u) - 3*x(u). Give g(10).
6
Suppose -q + 6*q = 0. Let z(r) = -r**2 + 349 + r - 181 + r**3 - 176. What is z(q)?
-8
Let g(z) be the third derivative of z**4/12 - z**3/6 + 12*z**2. Let c(n) = n - 1. Let x(y) = 3*c(y) - 2*g(y). Give x(2).
-3
Let f(b) = b**2 - 18*b + 34. Let a(o) = -o**2 - 10*o - 8. Let v be a(-4). Give f(v).
2
Let r(s) = -s**2 - 8 - 16*s + 2*s + 4*s. Determine r(-7).
13
Let c(r) = 4*r**3 - 2*r - 1. Suppose 3*d - 12 + 1 = -u, -d = -2*u - 6. What is c(u)?
-3
Let z(v) be the third derivative of v**5/30 - v**4/24 + v**3/6 + 12*v**2. Let r(d) = -20*d - 56. Let j be r(-3). What is z(j)?
29
Let s(f) be the second derivative of f**5/20 + f**4/4 + f**3/3 + f**2/2 + f. Suppose 19*i + 15 = 14*i. What is s(i)?
-5
Let u be 44/(-23) + 2 - -36*20/184. Let q(g) = -4 - 5*g**3 + g**3 + 7*g**2 - 4*g + 3*g**3. Calculate q(u).
28
Let x(p) = 6330*p + 2 - 6331*p + 0. Suppose -f + 3*f - 6 = 0. Determine x(f).
-1
Let u(d) = 11*d + 114*d**2 + 1 + 3 - 117*d**2. Let n(f) = -2*f**2 + 10*f + 4. Let k(g) = -4*n(g) + 3*u(g). Determine k(-5).
6
Suppose -139 + 143 = 2*z. Let n(h) be the second derivative of 1/6*h**3 + 1/2*h**z - 4*h + 0. Determine n(-1).
0
Let l = 54 - 48. Let v(x) = -x**3 + 6*x**2 + 4*x - 7. Give v(l).
17
Let t(s) be the second derivative of 6*s - 1/12*s**4 + 1/2*s**2 - 1/3*s**3 + 0. Let x = 43 - 45. Give t(x).
1
Let v = 6 - 9. Let x(s) = -s**2 + 1. Let z(f) = -f**3 - 7*f**2 - 5*f. Let m(t) = -4*x(t) + z(t). Calculate m(v).
11
Suppose -o + 4 = o. Let y(v) = 2*v**3 - v**o - 1 + 6*v - 3*v**3 - v**2 - 8*v. Give y(-1).
0
Let b(k) be the third derivative of -k**4/12 - k**3/6 + 224*k**2 + k. Let i(x) = -x**3 + 2*x + 1. Let a be i(-2). Give b(a).
-11
Let j(y) = 2*y**2 - 25*y - 19. Let d(z) = -8*z**2 - 4*z**2 - 9 + 13*z**2 - 12*z. Let m(b) = -13*d(b) + 6*j(b). Determine m(4).
11
Let g(t) be the third derivative of -t**6/30 + t**5/60 + 12*t**2. Let m be g(1). Let u(h) = 3*h**2 + 5*h + 3. Calculate u(m).
15
Let v(n) = n**3 - 7*n**2 + 5*n - 9. Let a be (6 + 544/24)*3/2. Let l = a + -37. What is v(l)?
-15
Let t(a) = -a + 17. Let h be t(11). Suppose -3*y - 9 = 3*q, -18 = -h*q + 2*q + 2*y. Let x(g) = -6 + 0*g**q + 6*g + 12 + g**2. What is x(-5)?
1
Let p(c) be the third derivative of c**6/120 - c**5/60 - c**4/24 + 11*c**3/6 - 4*c**2. Suppose -10*a = -11*a. Give p(a).
11
Suppose -8*d + 7*d = -66. Let j = -64 + d. Let t(f) = -5 - f**3 + 1 - 2*f**2 + 3*f + 2. What is t(j)?
-12
Let x(c) = -2*c - 3. Let y be x(-4). Let p(o) = y*o - 2*o + 3 - 6. What is p(3)?
6
Suppose 4*w - 3 = 2*s + 3*s, 5*s - 18 = w. Suppose 3*d + 5 = -w. Let q(y) = -2 - 16*y - 2 + 0 - 5*y**2 + 10*y - y**3. Give q(d).
4
Let q(d) = -2. Let m(x) = x + 5. Let k(a) = -m(a) - 4*q(a). Determine k(0).
3
Let f(s) = -s**2 - 9*s**2 - 7 - 4*s**2 + 9*s + 15*s**2. Give f(-10).
3
Let a(o) = 18*o**3 - 4*o**2. Let b(s) = 6*s**3 - s**2. Let z be 100/14 + 4/(-28). Let q(h) = z*b(h) - 2*a(h). Let r = 2 - 1. What is q(r)?
7
Let w(z) be the first derivative of 2/3*z**3 - 1/2*z**2 + 31 - 2*z. Give w(2).
4
Let x(b) = -2*b + 1 + 3*b - 12*b + 2*b - 6*b. Give x(-1).
16
Suppose 6*l = l. Suppose l*t + 30 = 3*t. Let k = t + -8. Let r(c) = c**3 - 3*c**2 + 2. Determine r(k).
-2
Suppose -36*z - 8 = -28*z. Let f(v) = 4*v**3 + v**2. Calculate f(z).
-3
Let x(z) be the third derivative of -z**6/120 - z**5/60 + z**4/24 + z**3/6 + 6*z**2. Let f(w) = -w**3 + w**2 - 1. Let i be f(0). Let a = i - 0. Calculate x(a).
0
Suppose 0 = 4*w + 5 - 129. Suppose w*y - 30*y = -7. Let x(d) = d**3 + 6*d**2 - 8*d - 9. Determine x(y).
-2
Let g = -17 - -12. Let n(i) = 8. Let a(x) = x - 17. Let p(z) = -3*a(z) - 7*n(z). Calculate p(g).
10
Let t(b) = 1897 - 1897 + 6*b**3 - b**2 + b. Let p be ((-1)/5)/((2 - 4)/10). Give t(p).
6
Let t = -18 + 22. Let z(u) be the second derivative of 0 - 5/2*u**2 + 1/3*u**3 + 3*u. Give z(t).
3
Let w = -97 - -100. Suppose -8 = -5*h - w. Let l(v) = 5*v. Determine l(h).
5
Let r(s) = -s**2 + 4*s + 1. Let t = -26 - -34. Let w = t - 5. Let p be r(w). Let c(f) = f**3 - 6*f**2 + 7*f - 5. Determine c(p).
-9
Let k be 3 + -6 + (-5 - -7) + -6. Let d(b) = -b - 4. Determine d(k).
3
Suppose 0 = -6*r + 18*r + 18*r. Let i(d) be the third derivative of r*d**3 - 5*d**2 + 0*d + 0*d**4 + 0 + 1/60*d**5. Give i(1).
1
Let q(r) = -2*r + 1. Let p(l) = -11*l + 5. Let y(k) = p(k) - 3*q(k). Calculate y(5).
-23
Let q(y) = -2*y - 7. Let a be q(-7). Let t(d) be the third derivative of -d**6/120 + d**5/10 + 5*d**4/24 - 4*d**3/3 + 2*d**2 + 113. Determine t(a).
-22
Suppose 34*o + 78 = 47*o. Let t(j) = -2*j**2 + 10*j - 6. Calculate t(o).
-18
Let b be (-5 + (-16)/(-4))*27. Let f = 33 + b. Let i(n) be the third derivative of n**4/24 - n**3/2 - n**2. What is i(f)?
3
Let d(x) = x**3 + x + 8. Let r be d(0). Suppose 0 = -5*k + 4*p + 22, 4 = k - p - 1. Let c(f) = -1 - 13*f**2 + r*f**k + 6*f**2. Determine c(2).
3
Let h(s) = 3*s**2 + 18 - 4*s - 26 + 2*s + 2*s**2. Let n(z) = -z**2 + 4. Let u(f) = -f**2 + 3. Let j(q) = -2*n(q) + 3*u(q). Let k(l) = -h(l) - 4*j(l). Give k(5).
-11
Let a(u) = 3 + u**2 + u**3 + 2*u**2 - 4. Suppose 8 + 327 = -91*c + 62. Calculate a(c).
-1
Let x(f) = -f**2 - 4*f + 1. Suppose -3*d - 169 = -154. What is x(d)?
-4
Let n(a) be the second derivative of a**5/20 - 5*a**4/12 + a**2 - a. Let m(r) = -96*r - 91. Let v be m(-1). What is n(v)?
2
Let t(n) = 17*n + 3. Let s(r) be the third derivative of -2*r**4/3 - r**3/3 + r**2 - 1. Suppose -5 = -3*x + 4. Let l(f) = x*t(f) + 4*s(f). Calculate l(1).
-12
Let o(h) = 199*h**2 - 189*h**2 + h - 4 - 6*h + h**3. What is o(-10)?
46
Let z = -22 + 22. Let x(i) = 6 + z*i - 4 + i - 4. Determine x(3).
1
Suppose -12*u + 62 = 26. Let n(j) be the second derivative of 1/20*j**5 - 3*j**2 - 1/3*j**4 + 0 + 2/3*j**u - 8*j. Calculate n(4).
10
Let w(v) = -5*v + 2. Let k = 5 + -1. Give w(k).
-18
Let i(x) = 14*x + 13. Let k(a) = 33*a + 25. Let l(h) = 5*i(h) - 2*k(h). Calculate l(-6).
-9
Let v(j) = -7*j**3 + 2*j**2 + 11*j - 4. Let r(y) = -4*y**3 + y**2 + 6*y - 2. Let p(x) = -5*r(x) + 3*v(x). Suppose 0*h - 4*h + 31 = 5*k, 3*h - 12 = 0. Give p(k).
-11
Let y(d) = d**2 - 12*d - 25. Let n(j) = -2*j**2 + 22*j + 51. Let l(a) = 4*n(a) + 7*y(a). Give l(-4).
-3
Let j(t) = t**3 + 9*t**2 + 2*t + 21. Let h be j(-9). Let r(n) = 7 - 12*n**2 - 3 + 17*n**2 + 1 - n**h + 8*n. What is r(6)?
17
Let m be (-6)/21 + (-8)/(-28). Suppose m = -3*h + 6, -3*h + 4 = -a - 0*a. Let n(d) = -3*d**2 + d + 2. Give n(a).
-8
Let q(l) = 5*l**3 - 35*l**2 + 20*l + 30. Let a(y) = 3*y**3 - 19*y**2 + 10*y + 15. Let m(c) = 7*a(c) - 4*q(c). What is m(-8)?
1
Let r(v) be the second derivative of -v**8/6720 + v**7/252 + 11*v**6/720 + v**5/24 - 7*v**4/4 + v. Let f(p) be the third derivative of r(p). Determine f(11).
5
Let u(b) be the third derivative of -b**4/6 - b**3/2 - 103*b**2. Give u(6).
-27
Let q(j) = j**3 + 2*j**2 + 11*j - 1. Let f(b) = 4*b**3 + 7*b**2 + 45*b - 3. Let l(c) = 6*f(c) - 25*q(c). What is l(-7)?
-7
Let f(l) = 7*l - 8*l + 0 - 1 + 2*l + 29*l**2 - 3*l. Let c be (2/(-4))/((-1)/(-2)). Calculate f(c).
30
Let u(h) = h**3 + 9*h**2 - 12*h - 19. Let a be u(-10). Suppose -l + 2*f + a = -2*l, l + 22 = 5*f. Let p(m) = 1 - m*